))/((-4)/(-14)). Suppose -6 = -3*r + 2*m + d, -28 = -2*r - 4*m. List the prime factors of r.
2
Let u(r) = -r**3 + 5*r**2 - 4*r + 4. Let w be ((-21)/6)/((-1)/(-2)). Let x = w - -10. What are the prime factors of u(x)?
2, 5
Let z(p) = -9*p + 8. What are the prime factors of z(-5)?
53
Suppose 4*n + m + 12 = 0, -5*n + 3*m = -0*n + 15. Let q = -14 - -21. Let j = q + n. What are the prime factors of j?
2
Let r be (-6)/15 - (-154)/10. Let o be 2/(-5) - 39/r. Let s = 8 + o. List the prime factors of s.
5
Suppose d = a + 35, -d - 3*a = a - 45. What are the prime factors of d?
37
Suppose -299 = -5*b + 166. Let g = b + -36. List the prime factors of g.
3, 19
Let m(p) = -p**3 + 4*p**2 + 4*p + 3. Let w be m(5). Let t = w - -6. Suppose -t*y = 5*g - 10, 6*g = 4*g + 3*y + 27. List the prime factors of g.
2, 3
Let n(b) = -b**2 + 2*b + 5. Suppose 2*v = -v. List the prime factors of n(v).
5
Let b(q) = -4*q + 1. Let n be b(-3). Let a = n - 6. What are the prime factors of a?
7
Let p(a) = -a**3 - 5*a**2 + 8*a - 23. List the prime factors of p(-8).
3, 5, 7
Suppose 5*b = -o + 22, 4*o = 3*b - 2 - 2. List the prime factors of (-4)/(-10)*o*15.
2, 3
Let q(g) = 40*g. What are the prime factors of q(1)?
2, 5
What are the prime factors of (-26)/(((-36)/(-10) - 0) + -4)?
5, 13
Suppose 5*f + 10 = 0, 0*z + 14 = z + 3*f. Suppose -3*n = -4*d - z, -d = 4*n - 1 - 32. List the prime factors of n.
2
Suppose 0 = -4*q + 4 - 12, 4*g - q = 30. Let b(x) = -x**3 + 7*x**2 + 2*x. List the prime factors of b(g).
2, 7
Let o(v) = 0*v**3 + 6*v**2 - 6 + 2*v - v**3 + 0*v**3. Let n be o(6). Suppose -n + 4 = -z. What are the prime factors of z?
2
Suppose 0 = -2*n + 4*n + 4*x - 16, 3*n + 4*x = 24. What are the prime factors of ((-86)/n)/((-9)/36)?
43
Suppose -8*p + 165 = -331. What are the prime factors of p?
2, 31
Let v be 1 + 1 + 1 + 5. Suppose -j + v = -4. List the prime factors of j.
2, 3
Let p(x) = 9*x - 15. List the prime factors of p(12).
3, 31
Suppose 0 = 3*h - 9*h + 216. What are the prime factors of h?
2, 3
Let h = 50 - 74. Let w = h - -37. Suppose -11 = -4*x + w. List the prime factors of x.
2, 3
Let a(n) = -n**3 - 6*n**2 + 6*n - 17. What are the prime factors of a(-8)?
3, 7
Let n(s) = 13*s**2 + s + 1. Let d be n(-1). Suppose -d*m + 8*m + 45 = 0. What are the prime factors of m?
3
Let z = 4 + -2. Let k be -2 - z*(-18)/3. Suppose -5*v = -3*v - k. List the prime factors of v.
5
Let c = -3 + 0. Let f = c + 2. Let b = 1 - f. What are the prime factors of b?
2
Suppose 0 - 8 = -4*j. Suppose 5*q = -j*p + 68, -3*q + 3*p + 50 = 5. List the prime factors of q.
2, 7
Let z = 106 - 0. List the prime factors of z.
2, 53
Let i be (-254)/6 - (-2)/6. Let f = 70 + i. Suppose 2*k - f - 2 = 0. What are the prime factors of k?
3, 5
Let g(n) be the second derivative of n**5/20 - 13*n**4/12 + n**3/3 + 7*n**2/2 + 6*n. What are the prime factors of g(13)?
3, 11
Let p(v) = -v - 16. Let h be p(-16). Suppose 2*d - 74 - 10 = h. What are the prime factors of d?
2, 3, 7
Let g be 5 - (4 - 9/3). Suppose g*q - 10 = -2. Suppose 0 = y - a - q + 3, 0 = -y - 3*a + 15. What are the prime factors of y?
3
List the prime factors of 36 + -2 + (-2 - -3).
5, 7
What are the prime factors of (-42 + 3)/(-1) - 4?
5, 7
Let s be (-16)/6*(0 - -3). List the prime factors of s/16*(-1 + -45).
23
Suppose -480 = -7*y + 185. List the prime factors of y.
5, 19
Suppose -5*z + 5 = 0, -4*s + 0*s = -z + 1. Suppose -o + s*o + 3*b = -11, -5*o = -2*b - 81. What are the prime factors of o?
17
Suppose 0 = 4*b - 4*z - 4, -z - 2*z = 3. Suppose 4*i + 5*v - 65 = 0, -3*i + b*v + 2*v = -20. List the prime factors of i.
2, 5
List the prime factors of (-22)/33 + 34/6.
5
Let y(p) = p - 9. Let l be y(7). What are the prime factors of (l/4)/((-2)/12)?
3
Let s be 28 - (0 + 0/(-1)). Suppose -5*x + 2*v + s = 3*v, 5*v + 22 = 2*x. What are the prime factors of x?
2, 3
Let m = -17 - -21. Suppose w = 2*z - w - 32, 2*w - m = -z. List the prime factors of z.
2, 3
Let t = -101 + 159. What are the prime factors of t?
2, 29
Let z(r) = -12*r - 4. Let v be z(-4). Suppose 0*j = -j + v. List the prime factors of j.
2, 11
List the prime factors of (-87)/(-30)*24 - 10/(-25).
2, 5, 7
Let p(n) = -3*n - 1. Let o be p(-1). Suppose 0*m - 12 = -o*m. List the prime factors of m.
2, 3
Let v = -7 - -9. Suppose 0 = v*m + i - 4, -2*m + 2*i + 4 = -3*m. List the prime factors of m.
2
Let t(d) = -12 + 7 + 3*d**2 - 2*d**2 + d. List the prime factors of t(4).
3, 5
List the prime factors of (-1)/1 + (-322)/(-21)*6.
7, 13
Let p(a) = a - 11. What are the prime factors of p(17)?
2, 3
Let h(t) be the third derivative of 0*t + 1/6*t**6 - 1/6*t**3 + 0 + 5*t**2 + 1/24*t**4 + 0*t**5. What are the prime factors of h(1)?
2, 5
Suppose 0 = -2*x - 9 + 47. Suppose -55 = 5*v - 0. Let z = x + v. What are the prime factors of z?
2
Let n(w) = -2*w + 5. Let j be n(-9). Suppose -2*c = 4, -j = -2*l - 3*c - 1. List the prime factors of l.
2, 7
Let a = 20 - 13. What are the prime factors of a?
7
Let u(h) = -11*h + 7. Let m be u(-5). Suppose -4*s + 2*o = -m, 3*o - 8 + 3 = -s. What are the prime factors of s?
2, 7
Let q = 31 + 129. List the prime factors of q.
2, 5
Let g be (-1 + 4)*(-4 - -5). Suppose -3*c + g = -0*c - d, 3*c + d = 9. What are the prime factors of (c/4)/(2/24)?
2, 3
Suppose 6*a - a = -j + 26, 0 = 4*a - j - 19. List the prime factors of a.
5
Let m(i) = i + 7. Let f be m(-5). Suppose f*x + 1 = 15. Let z = x - 4. What are the prime factors of z?
3
Let o = -25 + 27. List the prime factors of o.
2
Suppose 6*u + 94 = 1834. List the prime factors of u.
2, 5, 29
Let m(s) = 50*s**3 + 2 + 4*s**2 - 4*s**2 + 0*s**2 - s**2 - 2*s. What are the prime factors of m(1)?
7
Let m(h) be the second derivative of -h**3/6 - h. What are the prime factors of m(-14)?
2, 7
Let q(b) = b**3 - 9*b**2 - b + 21. List the prime factors of q(9).
2, 3
Suppose -12*c - 177 = -1089. What are the prime factors of c?
2, 19
Let y(z) = z + 4. Let r be y(-4). Suppose r = 3*m - a - a - 22, a + 9 = m. Suppose -m = 2*p - 3*p. What are the prime factors of p?
2
Let b be ((-30)/9*-3)/(-2). Let o(z) = -z**2 - 9*z - 7. What are the prime factors of o(b)?
13
Let r = 56 - 16. What are the prime factors of r?
2, 5
Let u = 11 + -4. Suppose -u*w + 222 = -w. What are the prime factors of w?
37
Suppose -50 = -4*l + 2*k, 0 = 3*l - 4*l - 5*k + 29. List the prime factors of l.
2, 7
Let p(z) be the third derivative of z**4/6 + z**3/6 + 18*z**2. Let x = 0 - -3. What are the prime factors of p(x)?
13
Suppose 23 = -2*n + 83. What are the prime factors of n?
2, 3, 5
Suppose 13 = -2*a + 4*z - 1, 4*a = z - 35. What are the prime factors of ((-3)/a)/((-7)/(-798))?
2, 19
Let y be 3/(-9) - (-129)/9. Suppose -98 = -3*g - y. List the prime factors of g.
2, 7
Let d = 11 + -5. Let p = 10 - d. List the prime factors of p.
2
Let k(o) = -o**3 + 6*o**2 + 10*o - 7. Let s be k(6). Suppose -4*c - 5*v = c - 85, v = 4*c - s. What are the prime factors of c?
2, 7
Let o be ((-1)/2)/(6/12). Let f = 11 + o. What are the prime factors of f?
2, 5
Suppose 2*q = -214 + 798. List the prime factors of q.
2, 73
Suppose -3*g - 74 = -4*r, -3*r - 2*g = -6*r + 56. List the prime factors of r.
2, 5
Let b(m) = 7*m**2 + 11*m + 49. What are the prime factors of b(-6)?
5, 47
Let m(s) = -22*s + 8. Let c(a) = 15*a - 5. Let u(k) = -8*c(k) - 5*m(k). Let n(y) = -2*y. Let v(p) = 11*n(p) - 2*u(p). List the prime factors of v(-4).
2
Suppose 0 = 2*v - 8, 3*v + 6 = -4*m + 18. Let d = 10 - m. What are the prime factors of d?
2, 5
Let i = 13 - 10. Suppose -f - 12 = -3*c, i*f + f = 4*c - 8. List the prime factors of c.
5
Suppose -3*i + 96 = t + 3*t, -2*t = 5*i - 48. What are the prime factors of t?
2, 3
Let w(m) = -m**3 + 9*m**2 - 11*m + 4. Let s be w(7). Suppose -r = 2, 5*b - 5*r = -5 + s. What are the prime factors of b?
2
Suppose -4*u + 0*c - 4*c + 4 = 0, 4 = -4*u - 2*c. What are the prime factors of 0 + u/(-6)*6?
3
Let z(o) = -9*o + 1. Suppose 3*j + 5 = -2*j. List the prime factors of z(j).
2, 5
Let a = -76 + 142. What are the prime factors of 12/30 - a/(-10)?
7
Suppose 5*d + 2*y = 0, -d + 2*y - 8 = -2*d. Let u = d - -6. Let o = u + -2. List the prime factors of o.
2
Let b = 6 + 97. What are the prime factors of b?
103
Let l(w) = -8*w - 20. Let v be l(-6). Let k = v + -24. What are the prime factors of k?
2
Let o